 when 123391 is divided by 41095?
106
Calculate the remainder when 3037 is divided by 24.
13
Calculate the remainder when 4175 is divided by 5.
0
Calculate the remainder when 152676 is divided by 133.
125
What is the remainder when 14146 is divided by 33?
22
What is the remainder when 5596 is divided by 377?
318
Calculate the remainder when 7570 is divided by 1255.
40
Calculate the remainder when 2065 is divided by 525.
490
Calculate the remainder when 31246 is divided by 1189.
332
What is the remainder when 13171 is divided by 299?
15
What is the remainder when 1131 is divided by 345?
96
What is the remainder when 8463 is divided by 4047?
369
Calculate the remainder when 201022 is divided by 576.
574
What is the remainder when 27648 is divided by 196?
12
Calculate the remainder when 15094 is divided by 207.
190
What is the remainder when 841944 is divided by 45?
39
What is the remainder when 12317 is divided by 575?
242
Calculate the remainder when 330018 is divided by 105.
3
Calculate the remainder when 31375 is divided by 26.
19
Calculate the remainder when 108169 is divided by 9.
7
Calculate the remainder when 5172 is divided by 103.
22
Calculate the remainder when 15195 is divided by 306.
201
What is the remainder when 2357 is divided by 60?
17
What is the remainder when 12426 is divided by 197?
15
Calculate the remainder when 1083799 is divided by 269.
267
Calculate the remainder when 45405 is divided by 522.
513
What is the remainder when 215243 is divided by 281?
278
Calculate the remainder when 2951 is divided by 84.
11
What is the remainder when 8284 is divided by 590?
24
What is the remainder when 13082859 is divided by 119?
118
What is the remainder when 5129 is divided by 509?
39
Calculate the remainder when 22382 is divided by 2234.
42
Calculate the remainder when 2222 is divided by 356.
86
What is the remainder when 1184 is divided by 106?
18
What is the remainder when 259677 is divided by 227?
216
Calculate the remainder when 7160 is divided by 201.
125
Calculate the remainder when 3716 is divided by 127.
33
Calculate the remainder when 14295 is divided by 7058.
179
Calculate the remainder when 2774 is divided by 2770.
4
Calculate the remainder when 58854 is divided by 6.
0
What is the remainder when 12243 is divided by 266?
7
What is the remainder when 878056 is divided by 71?
70
What is the remainder when 14497 is divided by 9?
7
Calculate the remainder when 22236 is divided by 1011.
1005
Calculate the remainder when 5531 is divided by 5334.
197
Calculate the remainder when 802537 is divided by 4338.
7
Calculate the remainder when 1796 is divided by 896.
4
Calculate the remainder when 6351 is divided by 2109.
24
Calculate the remainder when 1563 is divided by 687.
189
What is the remainder when 8319 is divided by 396?
3
What is the remainder when 4336 is divided by 6?
4
What is the remainder when 9761 is divided by 1624?
17
What is the remainder when 11639 is divided by 56?
47
What is the remainder when 2521775 is divided by 20?
15
Calculate the remainder when 222896 is divided by 27861.
8
What is the remainder when 530866 is divided by 1066?
1064
What is the remainder when 5494 is divided by 22?
16
What is the remainder when 226 is divided by 9?
1
What is the remainder when 752 is divided by 218?
98
Calculate the remainder when 13380 is divided by 2671.
25
What is the remainder when 63765 is divided by 56?
37
What is the remainder when 514 is divided by 56?
10
Calculate the remainder when 218432 is divided by 298.
296
What is the remainder when 1372 is divided by 53?
47
Calculate the remainder when 2634 is divided by 180.
114
What is the remainder when 440715 is divided by 289?
279
What is the remainder when 1305 is divided by 231?
150
Calculate the remainder when 38413 is divided by 197.
195
Calculate the remainder when 126250 is divided by 108.
106
What is the remainder when 11100 is divided by 24?
12
Calculate the remainder when 69362 is divided by 282.
272
Calculate the remainder when 2128894 is divided by 1386.
1384
What is the remainder when 92865 is divided by 5804?
1
What is the remainder when 19630 is divided by 45?
10
What is the remainder when 4318 is divided by 894?
742
Calculate the remainder when 44400 is divided by 65.
5
Calculate the remainder when 2058 is divided by 60.
18
What is the remainder when 184839 is divided by 461?
439
Calculate the remainder when 100241 is divided by 141.
131
Calculate the remainder when 24522 is divided by 204.
42
Calculate the remainder when 61854 is divided by 364.
338
Calculate the remainder when 3466 is divided by 1475.
516
What is the remainder when 5872 is divided by 2892?
88
What is the remainder when 18516 is divided by 685?
21
Calculate the remainder when 29697 is divided by 38.
19
Calculate the remainder when 34116 is divided by 35.
26
What is the remainder when 41563 is divided by 31?
23
What is the remainder when 8171 is divided by 801?
161
Calculate the remainder when 318187 is divided by 470.
467
Calculate the remainder when 752 is divided by 83.
5
Calculate the remainder when 10668 is divided by 10.
8
Calculate the remainder when 9530 is divided by 70.
10
Calculate the remainder when 6940 is divided by 32.
28
What is the remainder when 12651 is divided by 1776?
219
Calculate the remainder when 60434 is divided by 42.
38
What is the remainder when 26782 is divided by 64?
30
Calculate the remainder when 87991 is divided by 464.
295
Calculate the remainder when 101587 is divided by 24.
19
What is the remainder when 56796 is divided by 71?
67
Calculate the remainder when 454 is divided by 84.
34
Calculate the remainder when 5863 is divided by 15.
13
What is the remainder when 53234 is divided by 40?
34
What is the remainder when 696 is divided by 258?
180
What is the remainder when 11941 is divided by 11445?
496
Calculate the remainder when 1212 is divided by 32.
28
Calculate the remainder when 2008077 is divided by 13211.
5
Calculate the remainder when 6671 is divided by 1662.
23
What is the remainder when 35371 is divided by 1472?
43
Calculate the remainder when 2375 is divided by 18.
17
What is the remainder when 206116 is divided by 206110?
6
What is the remainder when 355200 is divided by 198?
186
What is the remainder when 27263 is divided by 95?
93
Calculate the remainder when 845027 is divided by 2515.
2502
What is the remainder when 9325 is divided by 255?
145
Calculate the remainder when 9377 is divided by 128.
33
Calculate the remainder when 2028 is divided by 660.
48
Calculate the remainder when 185270 is divided by 23.
5
Calculate the remainder when 6504 is divided by 868.
428
What is the remainder when 72682 is divided by 4275?
7
What is the remainder when 930 is divided by 565?
365
What is the remainder when 16614 is divided by 2934?
1944
Calculate the remainder when 1634 is divided by 1616.
18
What is the remainder when 4828 is divided by 129?
55
Calculate the remainder when 16172 is divided by 2683.
74
Calculate the remainder when 15218 is divided by 3040.
18
What is the remainder when 20558 is divided by 189?
146
What is the remainder when 2593 is divided by 287?
10
Calculate the remainder when 20126 is divided by 20119.
7
Calculate the remainder when 651837 is divided by 210.
207
Calculate the remainder when 37807 is divided by 302.
57
What is the remainder when 25657 is divided by 12828?
1
Calculate the remainder when 5287 is divided by 30.
7
Calculate the remainder when 2997 is divided by 17.
5
Calculate the remainder when 91630 is divided by 91.
84
Calculate the remainder when 9010 is divided by 1121.
42
Calculate the remainder when 172 is divided by 68.
36
What is the remainder when 1375885 is divided by 137?
131
What is the remainder when 2456 is divided by 212?
124
Calculate the remainder when 5856 is divided by 1446.
72
Calculate the remainder when 4291 is divided by 1758.
775
What is the remainder when 80260 is divided by 343?
341
Calculate the remainder when 13609 is divided by 10.
9
Calculate the remainder when 8508 is divided by 221.
110
Calculate the remainder when 197632 is divided by 1544.
0
Calculate the remainder when 14695 is divided by 65.
5
Calculate the remainder when 462912 is divided by 66123.
51
What is the remainder when 